= y**3 - 6*y**2 - 9*y - 4. Determine l(o).
-18
Let k(w) = 2*w + 1. Let a be k(-2). Let r = 0 - a. Let b = r - 7. Let j(u) = -u - 9. Give j(b).
-5
Let f(y) be the second derivative of y**3/3 - 5*y**2/2 + y. Let d(j) = -2*j. Let z be d(-1). Suppose -1 = z*o - 9. Determine f(o).
3
Let z(h) = 2*h**2 - 2 - 3*h**2 + 0*h**2. Let v = 15 - 9. Let l be ((-4)/v)/((-5)/15). Determine z(l).
-6
Suppose 4*x + 4*k = 20, 5*k - 20 = -4*x - 0*k. Let n(q) = -2*q + 6. Determine n(x).
-4
Let o = -5 + 10. Let h = o + -7. Let i(c) be the third derivative of -c**6/120 - c**5/20 - c**4/24 + 2*c**2. Determine i(h).
-2
Let m(j) = j. Let t(y) = -y**2 + 2*y + 7. Let g be t(-3). Determine m(g).
-8
Let f(q) = -q**3 - 2*q + 2 - 4*q**2 + 3*q**2 - 3*q**2 + 0*q**2. What is f(-3)?
-1
Let n(y) = -3*y + 2 + 2*y**2 + 5*y + 5*y**3 - 6*y**3. What is n(3)?
-1
Let o(g) = -2*g**3 + g**2 - 1. Let k be o(1). Let s(y) = -y**3 - 2*y**2 - 3*y - 1. Calculate s(k).
5
Let j(f) = -f**2 - 10*f + 15. Let b be ((-55)/(-10))/(1 + -2)*2. Calculate j(b).
4
Let q be (-1)/4 + 19/(-4). Let v(f) = 2*f + 2. Let o(t) = 1. Let c(d) = q*o(d) + v(d). Let b be 0 + 20/((-8)/(-2)). What is c(b)?
7
Let p(w) be the first derivative of -1 + 1/4*w**4 + 0*w**3 + 0*w**2 + 0*w. Determine p(-2).
-8
Let s(p) = p. Let q be (-6)/(-4) + 30/20. Determine s(q).
3
Let x = -4 + -17. Let q be (-2)/(-3) + (-7)/x. Let h(a) = -9*a - 1. Give h(q).
-10
Let c(y) = 12*y - 3 + 18*y - 13*y. Let m(r) be the second derivative of -r**3/6 + r**2/2 + 9*r. Let g(h) = -c(h) - 4*m(h). Give g(-1).
12
Let v(h) = -h**2 - h - 1. Let n(s) = -s - 9. Let w be n(-7). Give v(w).
-3
Let d(j) = 3*j. Let x(g) = 13*g - 1. Let c(b) = 9*d(b) - 2*x(b). Determine c(-6).
-4
Suppose 4*m - 20 = -4*i - 4, 0 = 5*m - 5*i. Let v(t) = 3 + 0*t**2 - 2 + 3*t**m + 3*t**2. Determine v(1).
7
Let c(a) be the first derivative of -a**4/4 + 2*a**3 - 3*a**2/2 - 5*a - 5. Let z(h) = 5*h**2 - h + 1. Let j be z(1). Give c(j).
5
Let s(p) = 3*p + 2. Let x be s(7). Suppose -40 = -d - 4*d. Suppose -5*b - x = -d, -1 = 4*n + 3*b. Let w(h) = -2*h. Calculate w(n).
-4
Let z(o) be the second derivative of o**5/20 + 5*o**4/12 + 5*o**3/6 - o**2/2 - 7*o. Let v = 2 + -6. Calculate z(v).
-5
Let z(k) = k**2 + 3*k - 1. Let i(w) be the first derivative of w**2/2 - 3*w - 2. Let q be i(7). Let a be ((-6)/4)/(2/q). Give z(a).
-1
Let y be 3/4 - 17/(-4). Let z(p) = 2*p - 3. Let w(c) = -c + 4 - 4 + 1. Let i(n) = -5*w(n) - 2*z(n). What is i(y)?
6
Let y(t) = t. Suppose 0 = 2*b + m + 25 + 6, 5*b = -3*m - 77. Let s be (-2)/(-6) + b/(-6). Calculate y(s).
3
Let u(t) = -t**3 + 7*t**2 - 5*t + 1. Let d be (7/3 + -1)/(18/81). Calculate u(d).
7
Let o(m) = -m. Let f be o(-4). Let y(p) = p**2 + 4*p - 7. Let c(u) = -u**2 - 3*u + 8. Let i(v) = f*c(v) + 3*y(v). Let q be (-6)/9 - (-2)/3. Determine i(q).
11
Suppose 9*z = 10*z + 3. Let c(x) = x**2 + x + 2. Give c(z).
8
Let p be (-12)/(-30) - 69/(-15). Let c(o) = 2*o + p*o + 4 - 6*o. Give c(6).
10
Let w(t) be the third derivative of -t**5/30 + t**3/3 + 7*t**2. Let s be (-4)/22 + (-40)/22. Determine w(s).
-6
Let d(s) = s**3 + 2*s**2 - 5*s - 4. Suppose -5 = 5*w + 15, -5*x - 4*w - 31 = 0. What is d(x)?
2
Let g = 10 - 6. Suppose -2*x + x + 2 = 0. Let d(s) = -3*s + 3*s**3 - x*s**3 - 3*s**2 - s. Determine d(g).
0
Let s(t) = t**3 + 7*t**2 - 8*t + 7. Suppose -4*r = 5*q + 40, -2*q - 4*r - r - 16 = 0. Give s(q).
7
Let h(p) = p**3 - 7*p**2 + p + 1. Let n be h(7). Let o(u) = -u**3 + 9*u**2 - 8*u + 6. What is o(n)?
6
Let f(n) = -5*n**2 + n. Let o be f(-1). Let g(c) = c**2 + 3*c - 7. What is g(o)?
11
Suppose -3*b - 8 = t, 17 = 5*t - 4*b - 0*b. Let w be (-171)/(-45) - t/(-5). Let o be (-2)/(-4) - (-14)/w. Let m(g) = 2*g + 3. Give m(o).
11
Suppose 6*k - 25 = k. Suppose 0 = -k*f - 1 - 14. Let o(z) be the third derivative of -z**5/60 - z**4/6 - 2*z**3/3 - 5*z**2. Give o(f).
-1
Let v(t) = -t + 3. Let r be v(0). Suppose -d - r*o = -6, 2*o - 29 - 8 = 3*d. Let a = -10 - d. Let l(h) = -h**3 - h**2 + h + 1. Determine l(a).
0
Let c(x) be the second derivative of -3/2*x**2 + 3*x - 5/6*x**3 + 0. Give c(-2).
7
Suppose -k = -0*k - 8. Let z = k - 3. Let p(x) be the third derivative of x**6/120 - x**5/10 + x**4/6 - 2*x**3/3 - 6*x**2. Calculate p(z).
-9
Let h(p) = p + 1. Let f(o) = 1. Let z(g) = -3*f(g) - h(g). Suppose 0 = -0*d + 4*d. Determine z(d).
-4
Let u(l) be the first derivative of -1/60*l**5 - 1/6*l**4 - 1/3*l**3 + 0*l + 0*l**2 - 2. Let i(a) be the third derivative of u(a). Give i(-4).
4
Let o(t) = 3*t**2 - 8*t + 9. Let h(n) = -2*n - 8*n + 4*n**2 - n + 10 + 2*n. Let g(q) = 5*h(q) - 6*o(q). Suppose 0 = 3*c + 2*k + 3, 2*k = 6. Give g(c).
5
Suppose 4*s - 9*s = -10. Let i(g) = 2*g**3 - 3*g**2 - g + 2. Give i(s).
4
Let n = 1 - 5. Let p(s) = -16*s**2 - 26*s + 36. Let j(y) = -3*y**2 - 5*y + 7. Let q be -11 - (-3)/(-9)*0. Let t(u) = q*j(u) + 2*p(u). Give t(n).
-1
Suppose -2*i + 3*i = 4. Suppose 5 + i = 3*b. Let w(f) = -f**2 + 4. Determine w(b).
-5
Suppose 5*a + 3 = -3*d, -3*a + 1 + 6 = 4*d. Let k(b) = 4*b + 4. Determine k(a).
-8
Suppose -7 = -2*u + 1. Let c(d) = d + 3*d - u - 3*d. Calculate c(4).
0
Let w(a) = 5*a**3 - a**2. Let c = -6 + 8. Suppose -3*b - 1 = -5*k, 5*k + c*b + 0*b + 9 = 0. Determine w(k).
-6
Let y(c) = c**2 - c + 1. Suppose 16 = -4*i, 0*i + i = l - 6. Suppose -5*x - 4*g + 27 = 0, -6*x - 3 = -l*x - 5*g. Let p be (-14)/(-10) - x/(-5). Calculate y(p).
3
Let k(d) = 8*d - 1. Let v(r) = 7*r - 2. Suppose -7*s = -2*s + 35. Let m(t) = s*v(t) + 6*k(t). Determine m(6).
2
Let v(t) = -5 + 2*t**2 + 0 + 12 + t - 5 + t**3. Determine v(-2).
0
Let p(u) = 13*u**3 - u**2. Let w = -23 + 24. Calculate p(w).
12
Let g(m) = -20*m**3 - 35*m**2 + 24*m + 10. Let a(p) = -7*p**3 - 12*p**2 + 8*p + 3. Let k(w) = -17*a(w) + 6*g(w). Determine k(-7).
2
Let x = 8 - -1. Let t = x - 6. Let l(g) = -5*g**2 + g**t - g - 1 + 1. What is l(5)?
-5
Let t be 6/45 - 12/90. Let f(c) = -5*c**2 + 3*c - 3. Let z(m) = 4*m**2 - 2*m + 2. Let d(v) = -3*f(v) - 4*z(v). Give d(t).
1
Let w(z) be the first derivative of z**4/4 - z**3 - z**2/2 - 2*z - 1. Let t(l) = -l - 5. Let p be t(-13). Let n = 10 - p. Determine w(n).
-8
Let q(z) = -z**2 + 5*z - 8. Let w be (-12)/(0 + -4) - -3. What is q(w)?
-14
Let j(c) = c**2 + 5*c - 8. Let q = 56 - 63. Calculate j(q).
6
Let s(g) be the first derivative of 1 + 0*g**2 - 2/3*g**3 + 0*g. Calculate s(-1).
-2
Let m(f) = -f - 7. Let q(d) = -2*d**2 - 2*d - d**2 + 4*d**2 + 3*d - 2. Let i be q(-2). Determine m(i).
-7
Let r(v) = 10*v**2 + v - 3. Let m(w) = 30*w**2 + 4*w - 10. Let y(p) = -2*m(p) + 7*r(p). Determine y(-1).
10
Let w(t) = t + 1. Let c(m) = -2*m**2 - 9*m. Let d be c(-6). Let k = 10 + d. Calculate w(k).
-7
Let l = 10 + -6. Suppose v + v + 2 = 0, l*f = v - 23. Let j(k) = -k**3 - 6*k**2 - 2*k - 5. What is j(f)?
7
Suppose -4*u + 32 = 12. Let h(y) = y - 12. Let o(m) = m - 11. Let j(n) = 4*h(n) - 5*o(n). Give j(u).
2
Let f(t) = -3*t - 121*t**3 - 1 + 0*t + 120*t**3 + 4*t**2. Give f(4).
-13
Let b(r) = r**3 - 2*r**2 - 5*r + 3. Let y be b(3). Let d be ((-12)/(-9))/((-2)/y). Let s(m) = -5*m**2 + 0*m**2 + 2*m**2 - 4*m + d*m**2 + 7. Calculate s(-5).
2
Let w(y) = 4*y - 17. Let c be w(5). Suppose -6 = c*s - 27. Let u(l) = -l**3 + 8*l**2 - 6*l - 5. Give u(s).
2
Let r(m) = -m - 5. Suppose -4*c + 5*h = 48, -5*c + 2*h = 57 - 14. Determine r(c).
2
Let t(o) = -17*o**3 + 0*o**2 - 5*o**2 + 2 + 2*o**2 + 15*o**3. Give t(-2).
6
Let j(a) be the first derivative of 0*a - 2*a**2 + 2/3*a**3 - 1. Suppose 27 = 5*y + 4*p, -y - 4*p = 2*y - 21. Determine j(y).
6
Let f(b) = 5*b + 4 - 2*b**3 + 3*b**3 + 4*b - 2*b + 7*b**2. Give f(-6).
-2
Let u be 1 - (-3 - (0 - 1)). Let l(z) = 667*z - 4*z**2 + 2*z**3 - z**3 + 1 - 665*z. Calculate l(u).
-2
Suppose -25 = 4*j + 7. Let z be 2/(-1)*(-12)/j. Let n(f) be the first derivative of f**3/3 + f**2/2 + 5. Determine n(z).
6
Let d be (-4)/(-8) - 2/4. Suppose -6 = -5*m - 3*w, 3*m + 2*w - 3 = -d*w. Let b(q) = -3*q**m + 3*q**2 + 0*q**3 + 4*q**3 - 3*q. Calculate b(-4).
-4
Let l(a) = -a**2 - 7*a - 3. Suppose -5*q - 7 = 23. Calculate l(q).
3
Let p(q) = -3*q - 6. Let v = -18 + 29. Suppose -4*y = -4, -1 - v = o + 2*y. Let f be (-4)/o + 30/(-7). Calculate p(f).
6
Let w(j) = 3*j**2 - 3*j + 3. Let b(t) be the third derivative of t**4/24 + 7*t**3/6 + 2*t**2. Let s be b(-5). Determine w(s).
9
Let g = -8 - -19. Let z = g - 7. L